 Suppose 3*r = -2*r, 3*r = -5*a + 40. Calculate x(a).
3
Let c = 617 - 612. Let h(v) = -3*v**2 + 5*v + 7. Calculate h(c).
-43
Let z(d) = -d + 21. Let b be z(22). Let u be 9 + 1*(-3)/b*-1. Let x(m) = m**3 - 7*m**2 + 8*m - 4. What is x(u)?
8
Let y = -963 - -968. Let h(x) = x + 11. Give h(y).
16
Let o(r) be the second derivative of r**4/2 - 146*r. What is o(2)?
24
Let z = -10 - -24. Let c(y) = y**3 - 15*y**2 + 16*y - 19. Calculate c(z).
9
Let i be 4/(-2 + (-18)/(-7)). Let t be 8/(2 + 24/(-9)). Let k = i + t. Let c(d) = -2*d**2 - 8*d - 4. Give c(k).
-14
Let n(t) = 6*t**3 + t - 8. Let k(u) = -13*u**3 + u**2 - 3*u + 16. Let g(f) = 5*k(f) + 11*n(f). Calculate g(-4).
24
Let f(y) = 5*y**3 - 3*y**2 + 6*y + 3. Let h(w) = 12*w**3 - 4*w**2 + 11*w + 6. Let d(i) = -5*f(i) + 2*h(i). Give d(5).
7
Let x(n) be the second derivative of n**4/6 - n**3/2 - 2*n**2 - 61*n. What is x(-3)?
23
Let h(i) be the third derivative of 0*i**3 + 0 - 1/24*i**4 + 34*i**2 + 0*i + 7/60*i**5. Determine h(1).
6
Suppose -1 - 11 = -2*d - 4*l, 4*l = 5*d - 16. Suppose 0 = 6*j - d*j. Let c be 3/(-6)*(6 - j). Let o(n) = n**3 + 4*n**2 + 2*n + 4. Calculate o(c).
7
Suppose 13*z + 21 - 8 = 0. Let c(b) = 6*b**2 + 4*b + 2. What is c(z)?
4
Let k(g) = g**2 - 5*g + 163677 - 163674 + 0*g**2. Calculate k(8).
27
Suppose -25*m + 10*m = 24*m. Let g(l) = -l**3 + l**2 - l + 15. What is g(m)?
15
Suppose 17 + 31 = 6*f. Suppose 0 = -2*j + f - 0. Let u(l) = -4*l - 6 + 3 + j. Calculate u(1).
-3
Let p(d) be the third derivative of d**4/24 + d**2. Suppose -39*f + 92 = -103. Let v(i) = 12*i - 2. Let n(y) = f*p(y) - v(y). Determine n(-2).
16
Let v = -35 - -40. Suppose -c + v*j = -7, 3*c - 5*c + 8 = -4*j. Let f(r) = -2*r**3 - r**2 + 4*r - 3. Give f(c).
-15
Let z(x) be the third derivative of -x**5/60 + 5*x**3/6 - 180*x**2. Calculate z(4).
-11
Let o = -5 + 0. Let j be (-2)/o - (-22)/(-55). Suppose j = -m - m. Let f(q) = -q + 3. Give f(m).
3
Let h(y) be the first derivative of y**3/3 + 5*y**2/2 - 6*y - 2. Let x(u) = -u**2 + 5*u - 4 + 1 - 6 + 0. Let a be x(4). Give h(a).
-6
Suppose 0 = 4*l - l - 24. Let i(n) = 2*n**2 + 16*n - 5. Let m(w) = -5*w**2 - 46*w + 16. Let p(q) = 8*i(q) + 3*m(q). Give p(l).
-8
Let u(g) = 5*g**2 + g. Let h(k) = -k**3 - 4*k**2 - 2*k - 4. Let p be h(-4). Suppose t - p*t = -9. Suppose -5*n + 15 = 5*b, t*n + 4*b - 19 = 6*n. Determine u(n).
4
Let m = -15 + 3. Let b be (-6)/(-5)*(-30)/m. Let p(g) = g**3 + g**2 + 11*g + 1 - b - 13*g. What is p(-2)?
-2
Let w(q) = 15*q**3 - 28*q**3 + 17*q**2 + 8*q**3 + 4*q**3 - 1. Calculate w(17).
-1
Let f(j) = j**3 - j**2 + 2*j - 2. Let t be f(2). Suppose n - t*n + 33 = -4*g, 2*n - 14 = 2*g. Let w = g + 5. Let u(b) = -4*b + 4. Determine u(w).
-8
Suppose -m + 4 = -4*k, 0 = 23*m - 24*m - 2*k + 4. Let w(y) be the second derivative of -1/6*y**3 + y + 1/20*y**5 - 1/2*y**2 + 0 - 1/6*y**m. Determine w(2).
-3
Suppose 0 = -d - 2*g + 2, 0 = 5*d + 24*g - 20*g + 2. Let c(x) = -10*x - 6. What is c(d)?
14
Let z = 173 - 179. Let a(i) be the first derivative of -7/2*i**2 - 9*i - 1/3*i**3 + 2. Give a(z).
-3
Let k be 1/(-1 - 0/2). Let p(i) = 45*i**2 - 9*i. Let b(r) = -25*r**2 + 5*r. Let f(o) = 11*b(o) + 6*p(o). Determine f(k).
-6
Let q(w) = -6*w + 3. Let c(p) = -9*p + 15*p - 5*p - 1. Let z(h) = -h**2 + 7*h - 6. Let m be z(5). Let k(a) = m*c(a) + q(a). Calculate k(-1).
1
Let s(x) be the second derivative of 0 + 0*x**2 + 1/3*x**3 + 5*x - 1/24*x**4 - 1/120*x**5. Let c(h) be the second derivative of s(h). Give c(4).
-5
Suppose -4 + 6 = s. Let o(x) = -6*x**2 + 3*x**3 + 3*x**s - x**2 + 5*x + 5. Let n(u) = -16*u**3 + 19*u**2 - 25*u - 25. Let k(f) = 2*n(f) + 11*o(f). Give k(5).
5
Suppose 25 = -0*w + 5*w. Let l(q) = 3*q. Let j(m) = m. Let k(v) = w*l(v) - 12*j(v). Let t be ((-40)/6)/5 - 2/3. Calculate k(t).
-6
Let z(s) = s**2 + 6*s + 10. Let a = -23 + 18. Let b be z(a). Suppose 5*q = b + 5. Let t(d) = -d - 1. Give t(q).
-3
Let b(v) = -v**3 + 3*v**2 - 1 + v + v**2 + 5. Let w be (-5)/35 + (-27)/7. Let m be 2 - (w - (-3 - -1)). Calculate b(m).
8
Let x(f) = 2*f + 1103 - 2232 + 1117. Give x(9).
6
Let x = 18 + -13. Suppose -x*s - 5*u = -70, -3*s - 4*u = 2*s - 66. Suppose -h + s = 2*j + h, -5*j - 2*h = -19. Let t(o) = o**3 - 2*o**2 + o - 3. Determine t(j).
9
Suppose 19*s = -14 + 109. Let q(a) = -5*a + 20. What is q(s)?
-5
Suppose 0 = 2*r - 6*r + 16. Let n(b) be the third derivative of b**6/120 - b**5/20 - b**4/24 + b**3/6 + 1657*b**2. Determine n(r).
13
Suppose -2*f - 26 = -4*s, 5*s - 5*f - 49 = -9. Let w(u) = s*u + 7*u + 21 - 9*u - 18. What is w(4)?
15
Let i(v) = -v**3 - 4*v**2 - 3*v - 2. Suppose 12 = 4*m + 4*s, 0 = -m + 3*s - 5 - 4. Suppose -10 = -5*u + 3*u. Suppose u*c + 15 = -m*c. Give i(c).
-2
Let y(f) = 44*f - 30 - 19 - 2*f**3 - 5 + 3*f**3 + 25*f**2 + 13. Give y(-23).
5
Let m(y) = 45*y + 28. Let z(n) = -13*n - 9. Let i(s) = 2*m(s) + 7*z(s). Suppose 2*u = 3*t + 3, 0*t = -4*t - 12. What is i(u)?
-4
Let r(f) = -2*f**3 + 3*f**2 - 2*f + 2. Let w be r(2). Let x(t) = -t**2 - 5*t + 10. Let h be x(w). Let g(b) = -142*b + 146*b - b**2 - 1 - b**2 + b**2. Give g(h).
-1
Let c(s) = -2*s**3 + 14*s**2 - 21*s + 9. Let l(y) = -3*y**3 + 21*y**2 - 31*y + 14. Let v(h) = 7*c(h) - 5*l(h). What is v(6)?
5
Let h(b) = 29*b**2 + 3*b - 7. Let r(c) = 13*c**2 + 2*c - 4. Let a(k) = -4*h(k) + 9*r(k). What is a(-7)?
-1
Suppose 0 = 30*b - 442 + 22. Let z(d) = d - 32. What is z(b)?
-18
Let h(x) = -x**3 - x**2 + x + 2. Suppose 3*u = 5*u - b - 3, 3*b = -4*u - 19. Give h(u).
1
Let c(i) = i**3 + 8*i**2 + i - 3. Let z = -374 + 371. Calculate c(z).
39
Let l(i) = -16*i + 13. Let d(o) = -7 - 184*o + 366*o - 173*o. Let r(s) = 7*d(s) + 4*l(s). Determine r(8).
-5
Suppose -4*r + 10 = 2. Let t be 3 - (-3 + 0) - -1. Let f(w) = -t - 1 + w**3 + 7. Determine f(r).
7
Let k(x) = 2*x**2 - x**2 + 1 + 5*x + 0*x**2 + 2. Let n(b) = -b**3 - 3*b**2 + 5. Let i be n(-3). Suppose i*t - 15 = 2*p, t = 2*p - t + 12. What is k(p)?
3
Let m(b) = -b**3 - 5*b**2 + 2*b + 4. Suppose 13*f - 9*f + 8 = 0, 4*k - f = -18. Calculate m(k).
-6
Let j(q) = -q**3 + 22 - 4 - 18*q**2 + 14*q + 0*q**3 + 5*q**2 - 1. Give j(-14).
17
Let n(u) = u**3 - 2*u**2 - u. Let s(k) = -7*k**3 + 17*k**2 + 3*k - 2. Let v(t) = -6*n(t) - s(t). Give v(5).
17
Let a(s) be the second derivative of -s**5/20 - 7*s**4/6 + 5*s**3/2 + s**2 + 3*s - 21. Calculate a(-15).
2
Suppose 0 = 2*y - 24 + 14. Let h(d) = 6 + d - 2 + 1 + y. Give h(-5).
5
Let d(l) = l**3 + 7*l**2 + 3*l. Let o be (-36)/(-30)*40/(-16). Give d(o).
27
Let m(a) = 4*a - 2. Suppose 85*b = -24*b + 218. Calculate m(b).
6
Let j(w) be the second derivative of -w**5/20 + 3*w**4/4 + w**3/3 - 19*w**2/2 - 2*w - 82. Calculate j(9).
-1
Let a(l) = 11 - 5 - l + 3*l - 5 + 10. What is a(0)?
11
Let u(c) = -c**2 + 3*c + 3. Suppose 4*h = 4*y - 3*y + 15, 2*h = 5*y + 3. Give u(h).
-1
Let d(b) = -b**3 - 6*b**2 + b + 1. Suppose -14*f + 15 - 99 = 0. Determine d(f).
-5
Let w(d) be the third derivative of -d**6/360 + 7*d**5/120 - d**4/8 + 7*d**3/6 + 8*d**2. Let j(s) be the first derivative of w(s). Calculate j(6).
3
Let t(b) = b**2 - 5*b + 10. Let z be t(4). Let u(o) = o**2 - 5*o - 5. Calculate u(z).
1
Let j(o) = 9*o - 14. Let z(s) = -8*s - 1 + 2 + 10 + 2. Let c(v) = -3*j(v) - 4*z(v). Let g(u) = 4*u - 10. Let q(p) = 5*c(p) - 6*g(p). Determine q(-6).
4
Let x(v) = -v**2 - 3*v + 7. Suppose -q + 3*s + 24 = 0, -5*q + 4*q = 5*s - 24. Let n be q/18 - (-1)/(-3). Let r be ((-6*n)/1)/1. Calculate x(r).
-11
Let t(a) = -2*a - 20. Let d be t(-13). Suppose 11*k - d = 8*k. Let f(z) = 2*z**3 - 2*z + 2*z - k*z + 1 + z**2. Determine f(-2).
-7
Let y be (-4)/6 - 8/6. Let r(j) = -j**3 + 5*j**2 + 2*j. Let l(k) = -3*k**3 + 11*k**2 + 4*k - 1. Let b(u) = -2*l(u) + 5*r(u). What is b(y)?
2
Let s(c) = 5*c**3 + 14*c**2 - 12*c + 14. Let v(f) = -3*f**3 - 7*f**2 + 6*f - 7. Let z(l) = 4*s(l) + 7*v(l). Give z(6).
7
Let y = -350 + 350. Let h(l) be the second derivative of 3*l + y - 1/6*l**3 + 0*l**2. Determine h(6).
-6
Let d(y) = y**3 + 47 - 141 - 4*y + 47 - 3*y**2 + 43. What is d(4)?
-4
Let a(j) be the first derivative of -j**6/120 + j**5/30 + j**3/3 - 14*j**2 - 32. Let f(u) be the second derivative of a(u). Calculate f(3).
-7
Let u(k) = -4*k - 9. Let r(v) = 4*v + 5. Let d(x) = -3*r(x) - 4*u(x). Give d(-9).
-15
Let b(c) = -c**2 - c - 21. Let f = -31 - -31. Calculate b(f).
-21
Let u(m) = m - 1. Let g(d) 